t is 2 + -100?
-54
In base 15, what is 23 + 32?
55
In base 5, what is 22 + 33?
110
In base 15, what is -65e + -1?
-660
In base 13, what is -118 + 1?
-117
In base 3, what is 112211 + -1?
112210
In base 11, what is 30 - -3?
33
In base 2, what is 11100011 + 11100?
11111111
In base 6, what is 3 + -3?
0
In base 13, what is 4 + 11b?
122
In base 2, what is -1011100001 - -100?
-1011011101
In base 14, what is 1 - -973?
974
In base 7, what is 0 - -31?
31
In base 11, what is 31 - 23?
9
In base 5, what is -332 - -1?
-331
In base 7, what is -6562 - 3?
-6565
In base 14, what is 6 + -1bc?
-1b6
In base 6, what is -2 + 403?
401
In base 13, what is 5 - -18?
20
In base 12, what is 66b + 1?
670
In base 14, what is 1 - 240c?
-240b
In base 10, what is -218 - -5?
-213
In base 9, what is 5 - 26?
-21
In base 14, what is -ac - d?
-bb
In base 11, what is -3 + -288?
-290
In base 7, what is 2 - -4325?
4330
In base 4, what is 30001 + 3?
30010
In base 5, what is -102000 - -13?
-101432
In base 11, what is 51a + 0?
51a
In base 6, what is -13221 - -2?
-13215
In base 10, what is -4 + -128?
-132
In base 2, what is 0 + 10101?
10101
In base 5, what is -2011 + -121?
-2132
In base 12, what is -24906 - 4?
-2490a
In base 5, what is 1 - 10224?
-10223
In base 15, what is 14 + 16?
2a
In base 11, what is 2 - -107?
109
In base 9, what is 5 + 2526?
2532
In base 14, what is 171 + 1?
172
In base 2, what is 1 + 111001111?
111010000
In base 6, what is -42 - -45?
3
In base 10, what is -312 + -5?
-317
In base 16, what is -3 - -28d?
28a
In base 3, what is 12 - -120200?
120212
In base 8, what is -26 - -12?
-14
In base 7, what is -2 + 242?
240
In base 15, what is 60 - -5?
65
In base 6, what is -33 - -243?
210
In base 3, what is 2 + 2001?
2010
In base 16, what is 11 - 92?
-81
In base 3, what is -11201 - -102?
-11022
In base 7, what is 23 - -20?
43
In base 10, what is 3 + -635?
-632
In base 11, what is -2 - a5?
-a7
In base 12, what is 26276 + -5?
26271
In base 15, what is 1 + -a0?
-9e
In base 16, what is -22 + b?
-17
In base 3, what is -1 + -1011212?
-1011220
In base 14, what is 116 - -3?
119
In base 8, what is 5 - -117?
124
In base 15, what is c3d + -1?
c3c
In base 15, what is -4d - 2?
-50
In base 2, what is -110110 - -11?
-110011
In base 12, what is 1159 - 0?
1159
In base 3, what is 11 - -212010?
212021
In base 11, what is 9 - -11a?
128
In base 8, what is -15173 - -2?
-15171
In base 9, what is -876 + 4?
-872
In base 2, what is 1101 + 101011?
111000
In base 5, what is 20 - 1?
14
In base 10, what is 2 - 131?
-129
In base 4, what is -121200 - -2?
-121132
In base 14, what is 9 - -5?
10
In base 5, what is -4 + 202?
143
In base 11, what is -150 - -24?
-127
In base 10, what is -2 - 370?
-372
In base 7, what is -10624 - 1?
-10625
In base 16, what is 2e1 + -4?
2dd
In base 13, what is -1450 + -3?
-1453
In base 12, what is -3 - 1165?
-1168
In base 5, what is -23 + -30?
-103
In base 3, what is -21 - -2121?
2100
In base 15, what is 1 - 3d?
-3c
In base 10, what is 3 + -2291?
-2288
In base 2, what is 1 + 10110111?
10111000
In base 14, what is 4 - 4b7?
-4b3
In base 4, what is -10 - 32313?
-32323
In base 2, what is 100011 + 10000?
110011
In base 13, what is c71 - 3?
c6b
In base 6, what is 23 + 14?
41
In base 11, what is 68 - 1a0?
-133
In base 13, what is -a + 12?
5
In base 8, what is 3 - 33?
-30
In base 13, what is 2 + 98?
9a
In base 3, what is -10200 + -12?
-10212
In base 5, what is -32 - 343?
-430
In base 15, what is 0 - -188?
188
In base 10, what is 6 + -675?
-669
In base 2, what is 101 + 11000?
11101
In base 14, what is 2 + 1?
3
In base 14, what is -3 - 4a?
-4d
In base 12, what is 18 - 18?
0
In base 7, what is 312 - 5?
304
In base 14, what is -9 - 73?
-7c
In base 4, what is 11 - -20233?
20310
In base 15, what is c98 + -6?
c92
In base 13, what is -2 + 78a?
788
In base 7, what is -1623 + 0?
-1623
In base 15, what is -16b + 28?
-143
In base 14, what is 29 + 7?
32
In base 16, what is 11b - -4?
11f
In base 4, what is -2 - 33303?
-33311
In base 12, what is 6 + -23b?
-235
In base 4, what is 31 - 20323?
-20232
In base 12, what is 2 + 41?
43
In base 2, what is -1101101 - 110?
-1110011
In base 15, what is -7 - 140e?
-1416
In base 9, what is 10 - -27?
37
In base 15, what is 11 + 89?
9a
In base 13, what is -73 + -13?
-86
In base 12, what is -5 + -21?
-26
In base 12, what is -3 - -210?
209
In base 3, what is 120210121 - 2?
120210112
In base 15, what is -1 + 11?
10
In base 7, what is 1 + 510?
511
In base 15, what is 5a5e + 1?
5a60
In base 9, what is -2 - 1?
-3
In base 15, what is -157 - 0?
-157
In base 6, what is -1223 - 15?
-1242
In base 4, what is -3 - -31130?
31121
In base 8, what is 4 + -2400?
-2374
In base 5, what is 240414 + -2?
240412
In base 3, what is -11 - 1220222?
-1221010
In base 9, what is 3 - -704?
707
In base 3, what is 11 - -222?
1010
In base 10, what is -1 + -46?
-47
In base 3, what is -11 + 1010012?
1010001
In base 5, what is 1 + 34?
40
In base 15, what is 3 + 14?
17
In base 10, what is 7 - 10?
-3
In base 15, what is -6ad + -2?
-6b0
In base 5, what is 314 - -32?
401
In base 12, what is 8a2 - 5?
899
In base 16, what is -140 - -1a?
-126
In base 9, what is 52 - 170?
-117
In base 12, what is 10b - -4?
113
In base 5, what is -403 + -32?
-440
In base 15, what is -20 + 3a?
1a
In base 2, what is -100 + 1011111011?
1011110111
In base 6, what is 10424 - 4?
10420
In base 10, what is 59 + -5?
54
In base 11, what is 197 + -7?
190
In base 8, what is -10 - 12?
-22
In base 3, what is 11122 - 21?
11101
In base 9, what is 574 + 3?
577
In base 9, what is 142 + 6?
148
In base 2, what is 100001 + -10011?
1110
In base 2, what is -1110001001 - -100?
-1110000101
In base 9, what is 20 - 6?
13
In base 12, what is -6a - 36?
-a4
In base 4, what is -11 + -2112?
-2123
In base 2, what is 100100100 + 10?
100100110
In base 5, what is 22002 - -1?
22003
In base 10, what is -28 - -28?
0
In base 3, what is 0 + 11120?
11120
In base 3, what is 1001 - 22110?
-21102
In base 5, what is -2 - 1204?
-1211
In base 4, what is -122023 + 1?
-122022
In base 9, what is 26562 + -3?
26558
In base 16, what is 6e - -1?
6f
In base 14, what is 24 - -18a?
1b0
In base 7, what is -41 + 3040?
2666
In base 2, what is 111 + -10111?
-10000
In base 14, what is 0 + -cc?
-cc
In base 12, what is -4839 - -3?
-4836
In base 11, what is -23 - 27?
-4a
In base 3, what is 100 + -110011?
-102211
In base 10, what is -49 + 5?
-44
In base 4, what is 12201 + -10?
12131
In base 13, what is 9 + 2c6?
302
In base 14, what is -1c5 + 3?
-1c2
In base 9, what is 1 + 2462?
2463
In base 3, what is -10 + -2121?
-2201
In base 10, what is 420 + -16?
404
In base 14, what is 1 - -100?
101
In base 15, what is 89d + -4?
899
In base 9, what is 7 + 1?
8
In base 2, what is -11 + -10000010010?
-10000010101
In base 14, what is -1 + -239?
-23a
In base 2, what is -101 - 111?
-1100
In base 9, what is -5 + 114?
108
In base 3, what is 10 - -111221?
112001
In base 7, what is -102 - -1?
-101
In base 15, what is 13 - -26?
39
In base 11, what is -1 + -a0?
-a1
In base 15, what is 4b + 2d?
79
In base 5, what is -4 - 122?
-131
In base 8, what is -3 - -157?
154
In base 12, what is 4 + 10?
14
In base 16, what is -638 + 3?
-635
In base 11, what is a85 - -7?
a91
In base 2, what is -110001 - -1010?
-100111
In base 15, what is -1 + -26?
-27
In base 8, what is 74 + 2?
76
In base 16, what is -14 + -20?
-34
In base 8, what is -2 + -11?
-13
In base 13, what is -2a - -4?
-26
In base 12, what is -958 + -3?
-95b
In base 12, what is 1913b + -1?
1913a
In base 4, what is -21331 - 230?
-22221
In base 7, what is 1 - -6?
10
In base 16, what is 34b - 4?
347
In base 7, what is -11204 - 5?
-11212
In base 5, what is 1313 - -40?
1403
In base 11, what is 309 + 3?
311
In base 4, what is 23 + 2?
31
In base 13, what is 2 - 78?
-76
In base 15, what is -8 - 4?
-c
In base 14, what is -7293 + 3?
-7290
In base 7, what is 44 - -11?
55
In base 8, what is -626 - 0?
-626
In base 10, what is 47 + 25?
72
In base 12, what is -4 + 562?
55a
In base 4, what is 231 + 2?
233
In base 15, what is 11 + 105?
116
In base 13, what is 2582 + -2?
2580
In base 12, what is -6 - -1a?
14
In base 12, what is -1441 - -1?
-1440
In base 8, what is -2 - 1626?
-1630
In base 2, what is -11011010 + -1100?
-11100110
In base 15, what is 4 - 18ec?
-18e8
In base 7, what is -142 + -4